2. Suppose -k*y + 8 = 32. Let x(d) = -d**3 - 6*d**2 - d - 1. Calculate x(y).
5
Let u = 16 - 10. Let g(p) = -p**3 + 5*p**2 + 5*p. What is g(u)?
-6
Suppose -8 = 2*z - 0*z. Suppose -4*s - s - 3*q = -28, 0 = -s + 3*q + 2. Let k = s + z. Let u(p) = -7*p - 1. What is u(k)?
-8
Let i be (1 - 1)/(-3*(-2)/6). Let y(d) = d**3 + 9. Determine y(i).
9
Let m(j) = 7*j + 1. Let a(x) = -7*x - 1. Suppose -2*d = 4*l + 2, 5 - 15 = -5*l. Let v(i) = d*m(i) - 6*a(i). Let g be 2/6*(-5 + 2). Determine v(g).
-6
Let o(j) be the first derivative of 11/2*j**2 + 1 + 11*j. Let w(t) = 4*t + 4. Let r(x) = -3*o(x) + 8*w(x). Determine r(-1).
0
Let w(d) = -4*d**3 + 7*d**2 - 2. Let c(f) be the first derivative of 0*f**2 + 3*f - 8/3*f**3 + 5/4*f**4 + 1. Let t(o) = -5*c(o) - 6*w(o). Determine t(-3).
6
Suppose 2*r = -2*r + 16. Suppose -r*x = -j - x + 3, 0 = 3*j - x - 9. Let y(h) be the first derivative of h**3/3 - 5*h**2/2 + 2*h - 5. Give y(j).
-4
Let x(v) = v**2 - 7*v + 1. Let s = 3 + 3. Calculate x(s).
-5
Let a(t) = 4*t**2 - 2*t - 1. Let w = 16 - 8. Suppose 0 = w*r - 13*r - 5. What is a(r)?
5
Let m(j) = 4*j**3 + 14*j**2 - 5*j - 22. Let x(b) = -b**3 - 5*b**2 + 2*b + 7. Let n(o) = 2*m(o) + 7*x(o). Determine n(6).
-7
Suppose -2*w = 5*y + w - 33, 29 = 5*y - w. Let q(g) = 0*g**2 - 5*g + g**2 - 2*g + 3. What is q(y)?
-3
Let t be 200/72 - (-2)/9. Let w(y) = 5 - 4*y**3 - 3 + 3*y**t + 2 + y. Determine w(0).
4
Let o(z) = z - 7 + z**2 + z + 0*z**2 + z. Let k = 18 - 24. What is o(k)?
11
Let j = 157 + -154. Let m(d) = -d**3 + 3*d**2 + d - 4. Determine m(j).
-1
Let o(y) be the second derivative of y**3/3 - 3*y**2/2 - 6*y. Calculate o(-5).
-13
Let j(f) = -1. Let a(m) = -m + 6. Let z(v) = -4*v**3 - 2*v + 1. Let q be z(1). Let n(w) = q*j(w) - a(w). What is n(3)?
2
Let h be ((-1)/(10/12))/(114/(-380)). Let m(t) = -t**3 + 5*t**2 - 2*t - 3. Determine m(h).
5
Let o(v) = -7 + 2 + 8 - 4 - 4*v. Give o(-1).
3
Let x(u) = u**3 - 13*u**2 + 13*u - 7. Let o(w) = -w**3 + 20*w**2 - 17*w - 26. Let r be o(19). Give x(r).
5
Let h(u) be the first derivative of 2*u**3/3 - u**2 - 4*u + 15. Let z be 1/(-4) - 26/(-8). Give h(z).
8
Suppose 4*h = -4*i - 8, h + 4*i + 12 = -h. Let r(y) be the third derivative of -1/12*y**4 + 0*y + 2*y**h - 1/60*y**5 - 1/6*y**3 + 0. Calculate r(-3).
-4
Let j = -12 + 12. Let z(y) = -y**2 - y - 4. Give z(j).
-4
Suppose -9 = 3*t + 9. Let a(m) = -m**2 - 4*m + 1. Calculate a(t).
-11
Let r(a) = -a**3 + 4*a**2 - 4*a + 2. Suppose -d + 2 = 4. Let v = d + 6. Suppose 5*l - 31 = -v*b, -20 = 4*l + 5*b - 52. What is r(l)?
-1
Let j(m) = -m - 10. Let t(a) = a**3 + 7*a**2 - 8. Let u be t(-7). Determine j(u).
-2
Let g(j) be the second derivative of 1/2*j**2 - 3*j - 2/3*j**3 + 1/12*j**4 + 0. What is g(4)?
1
Let v(a) = -a**2 + 4*a - 1. Suppose 0*o - 4*o + 3*k - 27 = 0, 0 = -o - 2*k - 15. Let f = 14 + o. What is v(f)?
-6
Let f be 17/(-4) + (-4)/(-16). Let l be f/(-20) + 12/(-10). Let g(z) = -8*z**2 + z + 1. Give g(l).
-8
Let k(g) = -g**3 + 8*g**2 - 7*g + 3. Suppose -15 = -f + 4*h, 3*f + 4*h - 2 = 11. Calculate k(f).
3
Let b be (-78)/(-21) - 6/(-21). Let j(l) be the second derivative of -7/6*l**3 - 1/4*l**4 + 1/20*l**5 + 5/2*l**2 + 0 - l. What is j(b)?
-7
Let h be ((-67 + 3)/4)/(-2). Let c(z) = z - 4*z + h*z**3 + 4*z - 7*z**3. Determine c(-1).
-2
Let u(j) be the second derivative of 0 + j**2 + 1/6*j**3 + 3*j - 1/6*j**4. Suppose -4*p = -4*f, -14 = 5*f + p - 2. Give u(f).
-8
Let k be (-2 + 2)/(-6 + 4). Let l(g) be the first derivative of g**4/4 - g**3/3 + g**2/2 - 11*g + 2. Determine l(k).
-11
Let m(k) be the first derivative of -k**5/60 - k**4/6 + 2*k**2 + 2. Let c(o) be the second derivative of m(o). Calculate c(-4).
0
Let z(m) be the third derivative of 0*m**3 + 0*m + 1/12*m**4 - 3*m**2 + 0. Let q be (0/(-3) + 2)/2. Give z(q).
2
Let v(w) = -w**2 - w - 3. Suppose 0 = -7*n - 38 + 10. What is v(n)?
-15
Let q(t) be the first derivative of t**4/12 - t**3/6 + t**2/2 + 1. Let g(n) be the second derivative of q(n). Give g(5).
9
Let b(m) = -5*m**3 + m**2 + 2*m + 1. Let t = -16 - -15. Let g(y) = 2*y**3 + y**2 - y - 1. Let k be g(t). Determine b(k).
5
Let m(d) be the first derivative of -d - 3/2*d**2 - 4. Let b be 6/(-8)*4/1. Determine m(b).
8
Let u(c) = -c**2 - 2*c - 2. Suppose 3*h + 27 = -6*h. Calculate u(h).
-5
Let j = 8 - 4. Let r(u) = u**3 - 5*u**2 + 4*u - 4. Let c be r(j). Let z(n) = -5 + 6 - 2 - 2*n + 0*n. Determine z(c).
7
Let d(x) = x - 2. Let s be d(2). Let y(w) = 2*w**2 + s + 0*w**3 + 2 - w**3 - w. Suppose 2*a = 5*i - 11, 10*a - i - 7 = 5*a. What is y(a)?
0
Let p(c) = 9*c + 3. Let u(x) = -5*x - 2. Let j(b) = -3*p(b) - 5*u(b). Give j(-2).
5
Suppose 4*z + z = 0. Suppose f = -z + 2. Let u be 3*f*(-14)/(-21). Let q(t) = -t**3 + 4*t**2 + 4*t - 5. Determine q(u).
11
Let l(h) = -3 + 2 - 1 - h. What is l(-3)?
1
Let d(t) be the second derivative of t**4/6 + 5*t**3/6 + t**2 + t. Give d(-3).
5
Suppose -2*a = -5*f + 37, 7*f - 13 = -2*a + 2*f. Let c(z) = z**3 + 6*z**2 + z - 2. Calculate c(a).
-8
Suppose -5*p + 13 = -22. Let h(o) = o + 6. Determine h(p).
13
Let w(f) = 2*f**3 + 2*f**2 - f + 1. Let c be ((-4)/6)/(13/39). Give w(c).
-5
Let b(c) = -c - 6. Let w(u) = 4*u + 3. Let i(m) = m + 1. Let t(p) = 9*i(p) - 2*w(p). Let a(l) = 3*b(l) + 5*t(l). What is a(2)?
1
Let l(v) = -2*v**2 - 8*v - 5. Let x(m) = 2*m**2 + 9*m + 6. Let j(f) = -7*l(f) - 6*x(f). Let p = 9 + -11. Let d be (-30)/(-25) + p/10. Determine j(d).
3
Let d(m) = -2*m**3 + 11*m**2 + 5 + 7*m + 4*m + 4*m. Let p(t) = t**3 - 6*t**2 - 8*t - 3. Let f(w) = -4*d(w) - 7*p(w). Let x = 10 - 7. Determine f(x).
-2
Let j = 1 + 4. Let l(g) = 3*g**3 - 2*g**2 - 7*g - 6. Let d(s) = -16*s**3 + 9*s**2 + 36*s + 30. Let u(o) = 2*d(o) + 11*l(o). Give u(j).
-6
Suppose -12 = r + r. Let o(m) = -m**3 - 7*m**2 - 6*m - 5. Give o(r).
-5
Let o(j) = -j**3 + 5*j**2 + 10 - 8*j**2 - 2*j + 11*j**2. What is o(8)?
-6
Suppose 2*f + m = -14, -4*f + 4*m = m + 38. Let q(b) = -b**3 - 7*b**2 + 7*b - 4. Let t be q(f). Let a(z) = -2*z + 6. What is a(t)?
-2
Let m(p) = 5*p**3 + 5*p**2 - 5*p + 6. Let i(v) = 4*v**2 - 5*v + 5*v**2 + 6*v**3 + 7 - 4*v**2. Let c(r) = -6*i(r) + 7*m(r). Determine c(4).
-4
Suppose -3*s = -12, -4 = -5*v - 3*s + 8. Suppose v = -a - 1 + 4. Let t(h) = -h**2 + 8*h - 4. Determine t(a).
11
Let t be (7/(-1))/(-1 - 0). Let u(s) = 14*s - 14. Let i(p) = 11*p - 11. Let y(x) = -5*i(x) + 4*u(x). What is y(t)?
6
Let b(d) = -d**2 - d. Let f(u) = -u**2 + 4*u - 3. Let y be f(4). What is b(y)?
-6
Let a(k) be the second derivative of -k**3/6 - 3*k**2/2 - k. Let l = 1 + -6. Determine a(l).
2
Let o(p) be the second derivative of p**3/3 + 3*p**2/2 + 25*p. Suppose 0 = 5*s - 2*s + 6. Calculate o(s).
-1
Let o(k) be the second derivative of k**3/2 - 2*k. Let v(u) = u + 5. Let a be v(-4). Let b be 3*a*(-1)/(-3). What is o(b)?
3
Let c(h) = -h + h - h**2 - 3*h**2. Determine c(1).
-4
Suppose -11*f + 17*f - 18 = 0. Let a(s) = -7*s + 4. Determine a(f).
-17
Let s(v) = v**2 - 5*v - 7. Let g(i) = i**2 + 6*i + 5. Let r be g(-6). Calculate s(r).
-7
Let c(q) = 3*q**2 + 3*q + 3. Let v = -105 - -102. What is c(v)?
21
Let s be ((-6)/3 - 1) + 3. Suppose s = -2*a - 2 - 8. Let z(i) = 2*i - 2. Let l(n) = 2*n - 2. Let h(k) = a*l(k) + 4*z(k). Determine h(-2).
6
Let t = 29 + -33. Let a(i) = -i**3 - 5*i**2 - 4*i. Calculate a(t).
0
Suppose -3*b + 3 = -6. Let z(d) = -b*d**2 + 5*d**2 - d**2 - 6 + 8*d - 3*d. Give z(-5).
-6
Let z(d) = -d + 6. Let s = -17 + 23. What is z(s)?
0
Let d(n) = 10*n. Let j(v) = -5*v. Let k(i) = 2*d(i) + 5*j(i). Let r(p) = -p + 4. Let w be ((-3)/(-9))/((-2)/(-12)). Let x be r(w). Calculate k(x).
-10
Let s(m) = m + 2. Let w(l) = 1. Let d(o) = s(o) + 2*w(o). What is d(0)?
4
Let v(m) = -1 + 3*m - m**2 + m + 2*m**2. Give v(-5).
4
Let i(j) = -6*j**2. Let b = 1 + 4. Let x(d) = 5*d**2 - d. Let s(t) = b*x(t) + 4*i(t). What is s(5)?
0
Suppose 0 = -10*f + 6*f + 12. Let b = -2 + f. Let i(q) = 4*q + b - q - 2*q. Determine i(-1).
0
Let g(v) be the first derivative of -v**3/3 - 4*v**2 - 6*v - 38. What is g(-9)?
-15
Let u(z) be the third derivative of -z**6/20 + z**2. Let i = -7 + 9. Suppose 2*x + 4*v - 5 + 23 = 0, 0 = -i*v - 10. Determine u(x).
-6
Let g(l) = -l + 2. Suppose -5 = 2*a - 3, 0 = -4*i - 3*a + 13. Determine g(i).
-2
Let h(y) = 3*y - 13. Let u(c) = c - 6. Let s(d) = -3*h(d) + 7*u(d). Let l(r) = -r**2 - 2 + 5 + 1 - 1 + 4*r